+ f + f**2 - 2*f. Calculate b(x).
2
Let a(h) = -14 + 122*h**2 + h**3 + 38*h - 361*h**2 + 127*h**2 + 126*h**2. What is a(-10)?
6
Let z(h) = -h**3 + 25*h**2 + 23*h + 80. Let j be z(26). Let n(r) = -6*r + 16 + 2*r - 4*r + 6*r**2 - j*r - 5*r**2. What is n(11)?
27
Let u be (-10)/3*24/(-20). Let z(l) = -286 + u*l + 4*l + 281. Let c(y) = 15*y - 10. Let g(x) = -4*c(x) + 7*z(x). What is g(4)?
-11
Let q(u) be the second derivative of -u**7/840 - u**6/90 - u**5/120 + 5*u**4/24 - 5*u**3/6 - 54*u. Let g(t) be the second derivative of q(t). Give g(-4).
9
Let r(p) be the first derivative of p**4/12 - 7*p**3/6 + 5*p**2/2 + 203*p + 187. Let t(s) be the first derivative of r(s). Let m be (-7)/(-2) + 2/4. Give t(m).
-7
Let r(b) be the first derivative of -5*b**2/2 + 26*b + 983. What is r(7)?
-9
Let r(x) = -4*x + 216. Let c be r(58). Let i(b) = b**3 + 17*b**2 + 18*b + 18. Determine i(c).
-14
Let z(w) = 5*w + 27. Let n(s) = -53*s - 275. Let f(j) = -2*n(j) - 21*z(j). Give f(2).
-15
Let n = -12 - -15. Let i(q) = 2*q**2 - q + 10. Let o(y) = -y**2 - 10. Let a(r) = n*o(r) + 2*i(r). Suppose -x - 34 = -5*z, -9*x = 2*z - 5*x - 18. Give a(z).
25
Let k(s) = -s - 7. Let n be k(-10). Suppose 2*o + n*i = -o - 9, -5*o + 20 = -2*i. Let h(y) = 9*y - o*y**2 + 2 - 2*y + 4*y**2 + 2*y. What is h(-6)?
20
Let d(a) = -a + 25. Let k(h) = 12. Let l be (-1)/((-1)/72*-8). Let g(w) = l*k(w) + 5*d(w). Determine g(4).
-3
Let n = -152 - -150. Let u(w) be the first derivative of 0*w**2 - 1/3*w**3 + 0*w - 4. Calculate u(n).
-4
Let g be 5*((-324)/(-6))/(-6). Let o = -45 - g. Let h(r) = r**3 + r**2 + 20. What is h(o)?
20
Let v be 2 + 3 + 0/3. Suppose -3*f + 23 = -v*c, -f - 3*f - c = 0. Let h(i) be the first derivative of -3*i**4/4 + 2*i**3/3 - i - 6. Determine h(f).
-2
Let w(r) = -24*r**2 + 4*r - 4. Let q(p) = 249*p**2 - 42*p + 42. Let c(g) = -6*q(g) - 63*w(g). Let d = 34 - 35. What is c(d)?
18
Let r(h) = -21*h**2 - 25*h - 13 + 35*h**2 - 31*h**2 + 8*h**3. Let l(p) = -2*p**3 + 4*p**2 + 6*p + 3. Let v(q) = 9*l(q) + 2*r(q). Give v(3).
-23
Let u(x) = x - 27. Suppose -10 = 3*v - 4*m - 2, 0 = 3*m - 15. Suppose -b = -2*i + 2, -4*b - 1 = -5*i + v*i. Give u(b).
-27
Suppose 7*b = -2*b + 36. Let v(j) = 27*j + b - 28*j + 0 - 5. Calculate v(-6).
5
Suppose 35*x - 188 - 127 = 0. Let j(s) = s**3 - 8*s**2 - 5*s + 8. Give j(x).
44
Let n(t) = 2*t**2 + 8*t + 4. Suppose -g = 0, 14*g + 6 = 3*x + 10*g. Suppose o = 3*d - 8, -1 = x*o + 3*d + 6. Give n(o).
14
Let c(b) = b**2 + 24*b + 15. Let o(u) = -85*u + 317. Let y be o(4). Determine c(y).
-8
Let n(a) = -48*a**2 - 74*a + 201. Let p(k) = 19*k**2 + 38*k - 100. Let d(i) = 2*n(i) + 5*p(i). What is d(41)?
-57
Let s = 23 - 28. Let r(u) be the first derivative of 7/2*u**2 + 1/4*u**4 - 20 + 2*u**3 + 7*u. Calculate r(s).
-3
Let c = -117 + 118. Let h(b) = b - 1. Let t(p) = -p**3 + 7*p**2 - 6*p - 1. Let k be t(6). Let n(w) = 9*w - 3. Let x(o) = k*n(o) + 2*h(o). Determine x(c).
-6
Let m(k) = 3 + 172*k - 2 - 167*k - 7. Give m(1).
-1
Let a(x) = -120*x**3 + 7*x - 50*x**2 + 16*x**2 + 19*x**2 + 119*x**3 + 9*x**2. Determine a(-7).
0
Let l(n) be the third derivative of n**4/12 + 2*n**3/3 - 89*n**2. Let k(b) = 5*b + 9. Let z(u) = -3*k(u) + 7*l(u). Calculate z(7).
-6
Let n(r) be the second derivative of -r**4/3 + 2*r**3/3 - 3*r**2/2 - 4*r. Let c be 630/189 + (-91)/39. Give n(c).
-3
Let l(n) = 7*n - 7. Let k be l(1). Suppose k = -3*d - 5*w + 4 - 1, 0 = -w + 3. Let i be (15/5 + d)*-1. Let x(a) = -18*a**2 - a + 1. Determine x(i).
-18
Let y(u) be the third derivative of -u**6/120 + u**5/30 + u**4/8 - 2*u**3/3 + u**2 - 3*u + 11. Calculate y(4).
-24
Let q(h) = -2*h + 2. Let i(b) = -15*b + 5. Let s(m) = -i(m) + 6*q(m). Let f(z) = 4 + 2*z + 3*z - 3*z. Let u(p) = 7*f(p) - 4*s(p). Calculate u(-2).
-4
Let v(d) = 182*d + 924. Let r be v(-5). Let u(p) = -3*p - 33. Give u(r).
-75
Let z(x) be the first derivative of x**2/2 - 2*x - 2. Let t(v) = 12*v + 0 + 14*v**2 + 146*v**3 - 145*v**3 - 7. Let d be t(-13). Give z(d).
4
Let m(i) = i**2 - 4*i + 7. Suppose 291 = 9*w + 66. Let z = 28 - w. Suppose -z*k + 22 = -c + 2, -5*c - 40 = -3*k. Give m(k).
12
Suppose -5*t + 28 = 8. Let l(z) = t*z - 3*z**3 - 7 - 2*z**2 - 3*z + 7. Let w = -361 + 362. Determine l(w).
-4
Suppose 5*a + 3*z + 23 = 0, 3*z - 1458 + 1453 = -a. Let c(q) = -2*q**3 + 8*q**2 - 3 + 8*q + 2 + 3*q**3. Calculate c(a).
-8
Let x(o) = -41*o**2 + 46*o + 78. Let t(c) = -32*c**2 + 45*c + 64. Let d(z) = -4*t(z) + 3*x(z). Determine d(9).
5
Let z(g) = 2*g**2 - 6*g - 9. Suppose -c - 4 = h, 0 = 13*c - 6*c + 14. Give z(h).
11
Let u(j) = -j. Let b(k) = -k**3 + 11*k**2 - 2*k - 27. Let l be b(9). Let z = l - 111. Give u(z).
-6
Let r(x) = 114*x**2 + 3*x + 1. Let k(l) = -95*l**2 - 3*l. Let t(g) = -7*k(g) - 6*r(g). Determine t(3).
-168
Let z(i) = i**2 + i - 1. Let q(w) = w**3 - 15*w**2 - 9*w + 22. Let x(g) = -q(g) - 6*z(g). Calculate x(9).
11
Suppose -40*y = 6 - 6. Suppose -2*u = -u + c + 6, u = 5*c + 24. Let p = u - y. Let r(n) = -2*n - 1. Give r(p).
1
Let x(q) = -522*q**2 + 11 + 4*q + 1013*q**2 - 492*q**2. Calculate x(-10).
-129
Let j(u) = -u**3 + 8*u**2 - u - 4. Let g(h) = -h**2 - 13*h - 39. Let l = -473 - -466. Let i be g(l). Give j(i).
38
Let d(b) = b**2 + 12*b + 30. Let r be (3/4)/((-1)/12). Let n be d(r). Let s(g) = 1 + 2 + 2*g**2 - n - 3 + 3*g. What is s(-3)?
6
Let v(p) = 2*p**2 + 1. Suppose 3*c - 12 = -2*f, -2*f - 3*c + 12 = -c. Suppose 7*l + 3*o - 9 = f*l, -5*o + 29 = 4*l. Let a be 2*(l/(-27) + 10/(-36)). Give v(a).
3
Suppose -76*v + 455 + 120 + 185 = 0. Let j(a) be the third derivative of 5/12*a**4 + 0 - 1/60*a**5 + v*a**2 - 3/2*a**3 + 0*a. What is j(7)?
12
Let u(z) = -5*z**2 - 4*z + 13. Let n be u(0). Suppose -n = 20*b + 27. Let g(a) = 10*a**2 + 3*a + 2. Give g(b).
36
Let a(f) = 2*f**2 - 7*f + 3. Let j(y) = 11*y - 1. Let p(o) = -a(o) - 2*j(o). What is p(-7)?
6
Let n be 3/((-2)/(-1 - -5)). Let r(q) be the second derivative of -q**4/12 - 2*q**3/3 + 10*q**2 + 170175*q. What is r(n)?
8
Let b(f) = 43*f + 3. Let v(m) = 19*m + 1. Let y(h) = b(h) - 2*v(h). Suppose -2*k = -6*k + 36. Let p(x) = x**2 - 8*x - 13. Let d be p(k). Give y(d).
-19
Let l(s) = -16*s - 28*s - 16*s + 54*s + 2 + s**2. Let d = -7 - -14. Determine l(d).
9
Let c be (-3)/18 - (-57)/18. Let j(q) be the first derivative of 1/3*q**3 + q**2 + c*q - 9. What is j(-2)?
3
Let w = 128 - 76. Let m(g) = 52 - 110 + w - g. Give m(0).
-6
Let i(o) = -55789*o**3 - 4*o**2 + 18 + 4*o + 55790*o**3 - 41. Give i(5).
22
Let k(h) = 21*h. Let a = 32 + -27. Suppose 0 = 4*s + a*s - 9. Let u(z) = -z. Let b(f) = s*k(f) + 18*u(f). Calculate b(-2).
-6
Let i(q) = -7*q + 4. Let n(l) = -l**2 - l. Let a(w) = -i(w) - n(w). Let u(o) be the first derivative of -3*o**3 + o**2/2 + 3*o + 43. Let f be u(-1). Give a(f).
-11
Let g(m) = -m**2 + 13*m - 21. Let b be g(7). Let z(l) = -23*l + 0 + 42*l - 2 - b*l. Determine z(0).
-2
Let z(p) = -2*p + 9. Suppose -u = 2*j - 2*u + 291, -4*u + 142 = -j. Let v = j - -151. Calculate z(v).
-1
Let q = -1659 - -1637. Let t(c) = c**3 + 20*c**2 - 43*c + 24. Calculate t(q).
2
Let i(f) = 163*f - 46. Let o be i(-3). Let p = -542 - o. Let g(x) = x + 6. Calculate g(p).
-1
Let t(d) be the third derivative of -d**4/4 - d**2 + 34*d. Let q(z) = z**2 + 4*z - 8. Let w be q(-6). Suppose -l = w*o + 1 + 3, -l = 5*o + 5. What is t(o)?
6
Let h(d) = -8*d**2 + 12 - 11*d + 8*d + 3*d**2 + d + d**3. Let l be h(5). Suppose 0 = -2*a - 12 - l. Let o(w) = -w - 2. Determine o(a).
5
Let j = 690 + 533. Let q(h) = -1 - 1 + 1219*h + 2 - j*h. Determine q(-4).
16
Let k(y) = 13*y - 2. Let g(l) = -6 + 2 + 19*l - 3 + 4. Let d(c) = -5*g(c) + 8*k(c). Give d(1).
8
Let m(o) = -o**2 - 2*o - 2. Let d(l) be the first derivative of -5*l**2/2 - 5*l + 33. Let i be d(-1). What is m(i)?
-2
Suppose 367*z - 24 = 343*z. Let a(h) = -32*h**3 - h**2 - 2*h + 2. Determine a(z).
-33
Suppose 8 = 2*z + 2*z. Let d = 4729 + -4727. Suppose -d = 5*q - i + 8, i = q + z. Let o(v) = v**3 + 2*v**2 - 2*v - 2. What is o(q)?
2
Let a = -480 + 486. Let t(b) = b**3 - 8*b**2 + 11*b. Calculate t(a).
-6
Let k be (-8)/(-20)*(-3 - 2). Let d(q) = -4 - 4913*q + 4911*q + 1. Calculate d(k).
1
Let h(i) = -5*i**3 - 21*i - 1814 + 6*i**3 + 1808 + 9*i**2. Determine h(-11).
-17
Let i(u) be the third derivative of 19*u**4/12 + 265*u**3/6 - 56*u**2 + 15. Calculate i(-7).
-1
Let f(g) = g**2 + 3*g.